6
What is -4 (base 6) in base 2?
-100
What is -5 (base 6) in base 7?
-5
What is -12 (base 3) in base 4?
-11
Convert -1224 (base 6) to base 7.
-613
What is 1 (base 2) in base 9?
1
15 (base 6) to base 16
b
Convert -2 (base 4) to base 7.
-2
0 (base 16) to base 9
0
-244 (base 7) to base 12
-aa
What is -74 (base 11) in base 14?
-5b
What is 1110 (base 2) in base 7?
20
Convert 0 (base 16) to base 15.
0
4 (base 16) to base 5
4
-41 (base 6) to base 15
-1a
What is -77 (base 16) in base 4?
-1313
Convert -10 (base 3) to base 13.
-3
What is -7 (base 16) in base 4?
-13
1 (base 4) to base 8
1
-12 (base 12) to base 2
-1110
1a (base 11) to base 6
33
21001 (base 3) to base 14
d8
2 (base 9) to base 3
2
Convert 114 (base 6) to base 5.
141
-15 (base 9) to base 13
-11
112 (base 3) to base 15
e
Convert 7b (base 16) to base 8.
173
a0 (base 13) to base 16
82
Convert -43 (base 12) to base 8.
-63
What is 1002 (base 3) in base 15?
1e
Convert 0 (base 12) to base 11.
0
4 (base 12) to base 2
100
10311 (base 4) to base 5
2214
203 (base 6) to base 8
113
-346 (base 8) to base 13
-149
Convert 101110 (base 2) to base 11.
42
-1211 (base 5) to base 8
-265
What is -101 (base 8) in base 5?
-230
Convert -46 (base 15) to base 9.
-73
-1243 (base 5) to base 6
-530
0 (base 9) to base 5
0
-3 (base 13) to base 16
-3
Convert 1 (base 9) to base 11.
1
4c (base 15) to base 16
48
What is -4 (base 5) in base 8?
-4
Convert -6 (base 16) to base 7.
-6
What is -2 (base 4) in base 14?
-2
-143 (base 5) to base 10
-48
Convert 3 (base 15) to base 4.
3
-156 (base 8) to base 9
-132
What is 17 (base 9) in base 6?
24
0 (base 11) to base 9
0
What is 1a (base 16) in base 8?
32
-12 (base 3) to base 10
-5
What is -4 (base 9) in base 3?
-11
-3 (base 16) to base 10
-3
Convert 1 (base 8) to base 5.
1
What is -15 (base 12) in base 6?
-25
4 (base 6) to base 16
4
What is -27 (base 14) in base 10?
-35
What is 11 (base 2) in base 14?
3
What is 1 (base 5) in base 10?
1
Convert 111 (base 4) to base 16.
15
What is -3 (base 14) in base 15?
-3
Convert 5 (base 15) to base 2.
101
What is 0 (base 4) in base 8?
0
Convert 8 (base 14) to base 3.
22
Convert 164 (base 7) to base 12.
7b
What is -3 (base 5) in base 6?
-3
Convert 4 (base 11) to base 14.
4
-105 (base 6) to base 11
-38
Convert -7 (base 14) to base 2.
-111
What is -110 (base 5) in base 2?
-11110
-3 (base 13) to base 15
-3
7 (base 10) to base 7
10
-241 (base 7) to base 9
-151
What is -38 (base 10) in base 4?
-212
What is -110 (base 6) in base 3?
-1120
Convert 9 (base 10) to base 11.
9
Convert 12 (base 7) to base 4.
21
-1 (base 7) to base 16
-1
Convert -2 (base 3) to base 2.
-10
What is -122 (base 14) in base 3?
-22101
Convert 20010 (base 3) to base 16.
a5
210 (base 4) to base 16
24
Convert -29 (base 15) to base 13.
-30
Convert -2 (base 13) to base 6.
-2
What is 6 (base 10) in base 5?
11
Convert 115 (base 7) to base 13.
49
What is 3 (base 4) in base 9?
3
17 (base 15) to base 2
10110
Convert -1 (base 6) to base 9.
-1
-50 (base 7) to base 6
-55
Convert 1 (base 7) to base 11.
1
What is -71 (base 12) in base 3?
-10011
Convert -376 (base 9) to base 8.
-470
-106 (base 15) to base 2
-11100111
Convert -5 (base 8) to base 9.
-5
Convert -10 (base 5) to base 7.
-5
Convert -3 (base 8) to base 9.
-3
Convert -97 (base 14) to base 11.
-111
-5 (base 14) to base 2
-101
What is 0 (base 4) in base 14?
0
What is -2 (base 16) in base 10?
-2
What is -1 (base 12) in base 7?
-1
Convert -7 (base 15) to base 10.
-7
355 (base 6) to base 14
a3
Convert 11 (base 5) to base 3.
20
What is 1 (base 15) in base 3?
1
Convert 101 (base 5) to base 15.
1b
-3 (base 10) to base 14
-3
Convert 11 (base 5) to base 10.
6
Convert 63 (base 13) to base 4.
1101
What is -2 (base 9) in base 13?
-2
What is 2b (base 14) in base 8?
47
-3 (base 11) to base 6
-3
Convert -5 (base 8) to base 9.
-5
Convert -a3 (base 13) to base 16.
-85
Convert 1 (base 13) to base 10.
1
-1001010 (base 2) to base 9
-82
29 (base 10) to base 8
35
2 (base 8) to base 6
2
What is -3 (base 5) in base 8?
-3
-1 (base 2) to base 8
-1
Convert -12 (base 3) to base 10.
-5
What is 26 (base 12) in base 8?
36
-30 (base 6) to base 11
-17
Convert -100 (base 2) to base 12.
-4
Convert 23 (base 13) to base 9.
32
What is -3 (base 16) in base 3?
-10
Convert -3 (base 7) to base 12.
-3
What is -3 (base 14) in base 15?
-3
What is -211 (base 3) in base 2?
-10110
-2 (base 8) to base 13
-2
Convert 3 (base 8) to base 6.
3
-8 (base 14) to base 4
-20
-1 (base 4) to base 14
-1
What is -39 (base 14) in base 13?
-3c
-4 (base 10) to base 14
-4
What is 0 (base 14) in base 10?
0
Convert 100 (base 2) to base 15.
4
What is 5 (base 9) in base 12?
5
2 (base 12) to base 6
2
What is e (base 15) in base 16?
e
Convert -1100 (base 2) to base 16.
-c
Convert 7e (base 15) to base 14.
87
What is 1 (base 7) in base 10?
1
Convert -ab (base 14) to base 6.
-411
-1 (base 8) to base 11
-1
Convert -1 (base 7) to base 15.
-1
Convert 4 (base 7) to base 12.
4
What is 1b (base 16) in base 15?
1c
What is -23 (base 14) in base 11?
-29
100 (base 2) to base 7
4
Convert -53 (base 6) to base 4.
-201
Convert -133 (base 4) to base 13.
-25
What is 1 (base 2) in base 14?
1
Convert -10222 (base 3) to base 6.
-255
-10 (base 6) to base 7
-6
What is -1011001 (base 2) in base 4?
-1121
Convert 0 (base 5) to base 16.
0
What is 10 (base 3) in base 4?
3
What is -12 (base 9) in base 2?
-1011
What is -5 (base 6) in base 5?
-10
What is 13 (base 4) in base 8?
7
-10001 (base 2) to base 6
-25
What is 100002 (base 3) in base 8?
365
Convert -3 (base 9) to base 14.
-3
Convert -133 (base 7) to base 2.
-1001001
What is -1 (base 13) in base 6?
-1
Convert 1 (base 15) to base 11.
1
Convert -1312 (base 6) to base 11.
-282
What is 12 (base 11) in base 12?
11
4 (base 9) to base 16
4
7 (base 14) to base 2
111
What is -82 (base 9) in base 8?
-112
What is -2 (base 15) in base 13?
-2
-122 (base 8) to base 15
-57
13 (base 16) to base 10
19
Convert 6 (base 9) to base 12.
6
What is 61 (base 7) in base 16?
2b
Convert -7 (base 13) to base 8.
-7
What is -71 (base 10) in base 8?
-107
Convert 17 (base 9) to base 11.
15
What is -a5 (base 11) in base 3?
-11021
Convert 6 (base 16) to base 12.
6
134 (base 8) to base 14
68
What is 6e (base 15) in base 3?
10212
What is 10012 (base 3) in base 9?
105
4 (base 8) to base 12
4
What is 47 (base 13) in base 16?
3b
Convert -2 (base 4) to base 6.
-2
3 (base 10) to base 12
3
Convert -14 (base 12) to base 13.
-13
What is 10 (base 4) in base 15?
4
110 (base 6) to base 9
46
Convert 61 (base 8) to base 11.
45
Convert -1 (base 2) to base 7.
-1
What is 3 (base 16) in base 5?
3
7 (base 11) to base 12
7
What is -25 (base 8) in base 4?
-111
Convert -10111 (base 4) to base 10.
-277
0 (base 2) to base 3
0
1120 (base 3) to base 10
42
11211 (base 4) to base 9
436
What is 11 (base 7) in base 6?
12
What is -1 (base 5) in base 9?
-1
What is -1 (base 5) in base 7?
-1
What is -120 (base 9) in base 4?
-1203
6 (base 14) to base 8
6
Convert 10 (base 12) to base 3.
110
Convert c (base 15) to base 5.
22
Convert -20 (base 3) to base 11.
-6
What is 1 (base 13) in base 12?
1
Convert -170 (base 10) to base 3.
-20022
1 (base 14) to base 16
1
Convert 30 (base 14) to base 3.
1120
What is -266 (base 8) in base 7?
-350
What is 10 (base 11) in base 2?
1011
Convert 4 (base 14) to base 13.
4
What is 3 (base 11) in base 9?
3
Convert -10111000 (base 2) to base 15.
-c4
What is 19 (base 16) in base 10?
25
What is 1 (base 16) in base 4?
1
Convert -34 (base 13) to base 10.
-43
Convert -1001 (base 2) to base 5.
-14
1232 (base 5) to base 9
233
What is -72 (base 14) in base 6?
-244
What is 10 (base 4) in base 16?
4
6 (base 9) to base 16
6
What is 4 (base 10) in base 9?
4
Convert 40 (base 5) to base 8.
24
Convert 26 (base 12) to base 9.
33
-1c (base 13) to base 7
-34
-10 (base 9) to base 5
-14
Convert 300 (base 4) to base 11.
44
-1021 (base 4) to base 9
-81
What is -5 (base 8) in base 2?
-101
11 (base 4) to base 2
101
Convert -1 (base 7) to base 13.
-1
Convert 250 (base 8) to base 2.
10101000
-11000 (base 2) to base 8
-30
What is -5 (base 6) in base 7?
-5
Convert -14 (base 12) to base 15.
-11
Convert -4 (base 16) to base 4.
-10
What is 6 (base 16) in base 5?
11
Convert 8 (base 16) to base 7.
11
Convert 110 (base 2) to base 9.
6
21 (base 6) to base 11
12
-14 (ba